20
What is the remainder when 433469177 is divided by 842?
841
Calculate the remainder when 663043 is divided by 221006.
25
What is the remainder when 167584 is divided by 942?
850
What is the remainder when 2586968 is divided by 6650?
118
Calculate the remainder when 7052531 is divided by 1763063.
279
Calculate the remainder when 4979052 is divided by 90.
72
What is the remainder when 1008913 is divided by 153?
31
What is the remainder when 709694 is divided by 117?
89
Calculate the remainder when 7276103 is divided by 6657.
2
Calculate the remainder when 120153 is divided by 6277.
890
What is the remainder when 152651 is divided by 7904?
2475
Calculate the remainder when 8295823 is divided by 184.
183
What is the remainder when 970387 is divided by 251?
21
Calculate the remainder when 2642048 is divided by 83.
75
What is the remainder when 18012268 is divided by 2?
0
What is the remainder when 16372432 is divided by 140?
132
What is the remainder when 7169368 is divided by 713?
153
Calculate the remainder when 2036235 is divided by 88.
3
Calculate the remainder when 125407 is divided by 3331.
2160
Calculate the remainder when 54042 is divided by 252.
114
Calculate the remainder when 1030215 is divided by 257548.
23
What is the remainder when 24047757 is divided by 125?
7
Calculate the remainder when 176253 is divided by 948.
873
Calculate the remainder when 122147 is divided by 79.
13
What is the remainder when 7735 is divided by 92?
7
What is the remainder when 21970077 is divided by 4252?
4245
What is the remainder when 5640159 is divided by 3?
0
Calculate the remainder when 833296 is divided by 37865.
266
Calculate the remainder when 613639 is divided by 934.
1
What is the remainder when 1024763 is divided by 341586?
5
What is the remainder when 1360972 is divided by 293?
280
Calculate the remainder when 111466 is divided by 377.
251
What is the remainder when 7328613 is divided by 3664288?
37
Calculate the remainder when 1160154 is divided by 256.
218
What is the remainder when 5431880 is divided by 144?
56
What is the remainder when 975467 is divided by 975459?
8
Calculate the remainder when 390568 is divided by 5002.
412
What is the remainder when 1063117 is divided by 455?
237
What is the remainder when 9436319 is divided by 725866?
61
What is the remainder when 147418831 is divided by 101041?
12
Calculate the remainder when 163400 is divided by 80797.
1806
Calculate the remainder when 9462125 is divided by 1576977.
263
What is the remainder when 1267627 is divided by 422379?
490
What is the remainder when 1053025 is divided by 80?
65
Calculate the remainder when 15260223 is divided by 70649.
39
What is the remainder when 5037009 is divided by 503700?
9
What is the remainder when 8947091 is divided by 1087?
1081
Calculate the remainder when 1402701 is divided by 466650.
2751
What is the remainder when 39121 is divided by 15?
1
What is the remainder when 792206 is divided by 371?
121
Calculate the remainder when 8199118 is divided by 1614.
1612
What is the remainder when 1738514 is divided by 16401?
8
What is the remainder when 1161557 is divided by 6452?
197
Calculate the remainder when 447672 is divided by 111905.
52
Calculate the remainder when 230305 is divided by 230097.
208
Calculate the remainder when 1480033 is divided by 1788.
1357
Calculate the remainder when 73711 is divided by 8880.
2671
Calculate the remainder when 76856 is divided by 4687.
1864
Calculate the remainder when 61352264 is divided by 371.
365
What is the remainder when 614851 is divided by 4622?
125
What is the remainder when 320192 is divided by 10599?
2222
Calculate the remainder when 9153342 is divided by 2288325.
42
What is the remainder when 31652250 is divided by 853?
832
What is the remainder when 258467 is divided by 1356?
827
Calculate the remainder when 112775 is divided by 188.
163
Calculate the remainder when 36428 is divided by 826.
84
What is the remainder when 311208 is divided by 3?
0
Calculate the remainder when 1951260 is divided by 975616.
28
What is the remainder when 3794183 is divided by 631?
611
What is the remainder when 621683 is divided by 32717?
60
What is the remainder when 302059 is divided by 110?
109
Calculate the remainder when 5052369 is divided by 15838.
47
Calculate the remainder when 51341556 is divided by 1343.
9
What is the remainder when 1086050 is divided by 119?
56
What is the remainder when 82384 is divided by 82114?
270
What is the remainder when 347150 is divided by 58?
20
Calculate the remainder when 3822732 is divided by 5077.
4828
What is the remainder when 4391502 is divided by 79845?
27
Calculate the remainder when 606993 is divided by 103.
14
Calculate the remainder when 38365 is divided by 1852.
1325
Calculate the remainder when 1080404 is divided by 319.
270
What is the remainder when 961926 is divided by 228?
222
What is the remainder when 906401 is divided by 564?
53
Calculate the remainder when 49175 is divided by 24402.
371
What is the remainder when 85142 is divided by 13674?
3098
What is the remainder when 38398911 is divided by 12799593?
132
Calculate the remainder when 4326314 is divided by 309019.
48
Calculate the remainder when 221950812 is divided by 986448.
12
Calculate the remainder when 263567429 is divided by 4086.
4085
Calculate the remainder when 8556574 is divided by 647.
646
What is the remainder when 8142192 is divided by 107134?
8
Calculate the remainder when 1229148 is divided by 36101.
1714
What is the remainder when 7987894 is divided by 10?
4
Calculate the remainder when 1408534 is divided by 2021.
1918
Calculate the remainder when 4410263 is divided by 42.
11
What is the remainder when 1487799 is divided by 1512?
1503
Calculate the remainder when 728627 is divided by 706.
35
What is the remainder when 391014 is divided by 8890?
8744
What is the remainder when 76427 is divided by 1245?
482
Calculate the remainder when 107652715 is divided by 23.
19
Calculate the remainder when 633228 is divided by 19188.
24
What is the remainder when 44103749 is divided by 2850?
2849
Calculate the remainder when 22648 is divided by 22225.
423
Calculate the remainder when 1127695 is divided by 1706.
29
What is the remainder when 61640 is divided by 764?
520
What is the remainder when 1146519 is divided by 63694?
27
What is the remainder when 5217413 is divided by 26?
19
What is the remainder when 1602936 is divided by 448?
440
What is the remainder when 110035 is divided by 27492?
67
Calculate the remainder when 236082 is divided by 4373.
4313
What is the remainder when 1064153 is divided by 3057?
317
Calculate the remainder when 47535 is divided by 828.
339
Calculate the remainder when 897263 is divided by 448627.
9
Calculate the remainder when 275215 is divided by 91654.
253
Calculate the remainder when 171926228 is divided by 19.
16
Calculate the remainder when 131248420 is divided by 619.
612
What is the remainder when 449081 is divided by 34?
9
What is the remainder when 1795010 is divided by 32?
2
Calculate the remainder when 5682520 is divided by 847.
844
Calculate the remainder when 162475 is divided by 961.
66
What is the remainder when 432218 is divided by 209?
6
Calculate the remainder when 105354 is divided by 35000.
354
What is the remainder when 16056214 is divided by 114?
112
Calculate the remainder when 231944 is divided by 699.
575
Calculate the remainder when 474915 is divided by 797.
700
Calculate the remainder when 43547818 is divided by 10339.
10289
What is the remainder when 207640 is divided by 1693?
1094
What is the remainder when 22477483 is divided by 114?
103
Calculate the remainder when 85330630 is divided by 19.
15
What is the remainder when 2386020 is divided by 413?
119
Calculate the remainder when 117581700 is divided by 158.
154
Calculate the remainder when 326668 is divided by 2874.
1906
Calculate the remainder when 78219085 is divided by 58.
53
What is the remainder when 586060 is divided by 74?
54
What is the remainder when 5632574 is divided by 13942?
6
Calculate the remainder when 4368466 is divided by 156012.
130
Calculate the remainder when 196134649 is divided by 2558.
2557
What is the remainder when 497077137 is divided by 2571?
2568
Calculate the remainde